342379
What are the prime factors of 634270?
2, 5, 7, 13, 17, 41
List the prime factors of 593592.
2, 3, 24733
What are the prime factors of 28689370?
2, 5, 17, 168761
What are the prime factors of 6903862?
2, 7, 493133
List the prime factors of 3014903.
3014903
What are the prime factors of 4008479?
311, 12889
What are the prime factors of 543067?
7, 11083
List the prime factors of 3840625.
5, 1229
List the prime factors of 5392152.
2, 3, 74891
List the prime factors of 879157.
37, 23761
What are the prime factors of 25480?
2, 5, 7, 13
List the prime factors of 1751997.
3, 13, 167, 269
List the prime factors of 1504045.
5, 300809
List the prime factors of 402077.
13, 157, 197
List the prime factors of 4014895.
5, 802979
What are the prime factors of 706183?
706183
List the prime factors of 194864.
2, 19, 641
What are the prime factors of 5239277?
5239277
What are the prime factors of 104845?
5, 13, 1613
What are the prime factors of 435187?
435187
What are the prime factors of 1047090?
2, 3, 5, 11, 19, 167
What are the prime factors of 548575?
5, 21943
List the prime factors of 2556905.
5, 13, 139, 283
What are the prime factors of 18237195?
3, 5, 59, 6869
List the prime factors of 223161.
3, 73, 1019
What are the prime factors of 838548?
2, 3, 23293
List the prime factors of 7492625.
5, 7, 8563
List the prime factors of 22767806.
2, 67, 169909
What are the prime factors of 30474609?
3, 11, 23, 40151
What are the prime factors of 4627192?
2, 578399
What are the prime factors of 76590?
2, 3, 5, 23, 37
List the prime factors of 466966.
2, 149, 1567
What are the prime factors of 1043992?
2, 37, 3527
List the prime factors of 18426020.
2, 5, 29, 31769
List the prime factors of 31559.
11, 19, 151
List the prime factors of 63719.
63719
List the prime factors of 347738.
2, 19, 9151
What are the prime factors of 30444?
2, 3, 43, 59
List the prime factors of 532694.
2, 83, 3209
What are the prime factors of 2317853?
41, 56533
List the prime factors of 4085970.
2, 3, 5, 7, 19457
What are the prime factors of 176300?
2, 5, 41, 43
What are the prime factors of 877791?
3, 101, 2897
What are the prime factors of 10494686?
2, 83, 191, 331
What are the prime factors of 192163?
59, 3257
What are the prime factors of 3298839?
3, 223, 4931
List the prime factors of 284208.
2, 3, 31, 191
List the prime factors of 117190.
2, 5, 11719
List the prime factors of 680349.
3, 226783
List the prime factors of 1428214.
2, 714107
What are the prime factors of 649395?
3, 5, 14431
What are the prime factors of 4538884?
2, 7, 47, 3449
What are the prime factors of 6045127?
11, 53, 10369
What are the prime factors of 310773?
3, 103591
What are the prime factors of 20162503?
20162503
What are the prime factors of 451442?
2, 225721
List the prime factors of 1845311.
13, 61, 179
List the prime factors of 47538.
2, 3, 19, 139
What are the prime factors of 24715680?
2, 3, 5, 11, 31, 151
What are the prime factors of 3254632?
2, 73, 5573
List the prime factors of 2542877.
17, 101, 1481
List the prime factors of 42981.
3, 14327
List the prime factors of 689664.
2, 3, 449
What are the prime factors of 395973?
3, 43997
List the prime factors of 224102.
2, 89, 1259
What are the prime factors of 83887?
149, 563
What are the prime factors of 416410?
2, 5, 41641
List the prime factors of 9687833.
9687833
List the prime factors of 770052.
2, 3, 64171
List the prime factors of 2069537.
19, 108923
List the prime factors of 456228.
2, 3, 19, 23, 29
What are the prime factors of 160459?
13, 12343
List the prime factors of 14594788.
2, 13, 23, 12203
List the prime factors of 1203502.
2, 601751
What are the prime factors of 6158439?
3, 7, 67, 1459
List the prime factors of 266194.
2, 133097
List the prime factors of 481350.
2, 3, 5, 3209
What are the prime factors of 6675441?
3, 17, 19, 83
What are the prime factors of 19257910?
2, 5, 7, 103, 2671
List the prime factors of 399373.
13, 31, 991
What are the prime factors of 397328?
2, 19, 1307
What are the prime factors of 95469?
3, 11, 263
List the prime factors of 4323294.
2, 3, 26687
What are the prime factors of 7678967?
7678967
List the prime factors of 9508104.
2, 3, 67, 73
List the prime factors of 5304149.
5304149
What are the prime factors of 23356623?
3, 17, 53, 8641
List the prime factors of 202791.
3, 23, 2939
List the prime factors of 16001306.
2, 19, 431, 977
What are the prime factors of 353427?
3, 117809
What are the prime factors of 1477972?
2, 19, 19447
List the prime factors of 709527.
3, 7, 13, 23, 113
List the prime factors of 225250.
2, 5, 17, 53
List the prime factors of 140574.
2, 3, 7, 3347
What are the prime factors of 3011015?
5, 7, 86029
List the prime factors of 956291.
7, 67, 2039
List the prime factors of 1459862.
2, 729931
List the prime factors of 10447958.
2, 61, 85639
List the prime factors of 101720.
2, 5, 2543
List the prime factors of 2668232.
2, 7, 29, 31, 53
List the prime factors of 238117.
11, 21647
List the prime factors of 23185725.
3, 5, 23, 13441
What are the prime factors of 999512?
2, 103, 1213
What are the prime factors of 2197872?
2, 3, 15263
What are the prime factors of 4881931?
4881931
What are the prime factors of 1595283?
3, 643, 827
What are the prime factors of 21730510?
2, 5, 2173051
List the prime factors of 83058.
2, 3, 109, 127
What are the prime factors of 499128?
2, 3, 7, 2971
What are the prime factors of 424762?
2, 13, 17, 31
What are the prime factors of 2401496?
2, 300187
List the prime factors of 257101.
13, 19777
What are the prime factors of 283643?
89, 3187
What are the prime factors of 1191446?
2, 23, 59, 439
What are the prime factors of 189437?
189437
What are the prime factors of 365548?
2, 91387
List the prime factors of 22417.
29, 773
What are the prime factors of 1815562?
2, 7, 41, 3163
What are the prime factors of 7629598?
2, 3814799
What are the prime factors of 9052016?
2, 43, 59, 223
List the prime factors of 6983871.
3, 47, 49531
What are the prime factors of 3062031?
3, 7, 139, 1049
What are the prime factors of 343436?
2, 23, 3733
List the prime factors of 842260.
2, 5, 23, 1831
List the prime factors of 10329044.
2, 11, 21341
What are the prime factors of 3236950?
2, 5, 41, 1579
List the prime factors of 1784750.
2, 5, 11, 59
List the prime factors of 3721548.
2, 3, 310129
List the prime factors of 952300.
2, 5, 89, 107
What are the prime factors of 10824432?
2, 3, 225509
What are the prime factors of 14959472?
2, 11, 7727
List the prime factors of 193027.
43, 67
What are the prime factors of 292091?
292091
What are the prime factors of 2511066?
2, 3, 418511
List the prime factors of 150866.
2, 241, 313
What are the prime factors of 5938992?
2, 3, 41243
List the prime factors of 2011981.
523, 3847
What are the prime factors of 166973?
166973
List the prime factors of 634573.
634573
What are the prime factors of 4285289?
457, 9377
List the prime factors of 908436.
2, 3, 75703
List the prime factors of 5131204.
2, 13, 101, 977
List the prime factors of 962985.
3, 5, 43, 1493
What are the prime factors of 41942535?
3, 5, 31, 90199
List the prime factors of 161224.
2, 7, 2879
List the prime factors of 22774269.
3, 7, 154927
What are the prime factors of 2301574?
2, 11, 233, 449
List the prime factors of 800470.
2, 5, 11, 19, 383
What are the prime factors of 159562?
2, 13, 17, 19
What are the prime factors of 3776140?
2, 5, 23, 8209
What are the prime factors of 1098497?
727, 1511
List the prime factors of 6862539.
3, 41, 55793
List the prime factors of 6053666.
2, 17, 19, 9371
List the prime factors of 17894462.
2, 2063, 4337
List the prime factors of 1170571.
19, 61609
What are the prime factors of 7130199?
3, 131, 18143
What are the prime factors of 47012?
2, 7, 23, 73
List the prime factors of 6095920.
2, 5, 23, 3313
What are the prime factors of 146423?
146423
List the prime factors of 2974022.
2, 103, 14437
What are the prime factors of 255302?
2, 107, 1193
What are the prime factors of 24660540?
2, 3, 5, 17, 8059
List the prime factors of 1003890.
2, 3, 5, 109, 307
What are the prime factors of 395657?
395657
What are the prime factors of 19120156?
2, 11, 19, 22871
List the prime factors of 685279.
7, 223, 439
List the prime factors of 2839761.
3, 315529